r of 185 and 65.
5
Calculate the greatest common divisor of 61 and 3721.
61
Calculate the highest common divisor of 46 and 1702.
46
What is the highest common factor of 153 and 221?
17
What is the highest common divisor of 5439 and 1776?
111
What is the greatest common divisor of 7 and 11081?
7
Calculate the greatest common divisor of 336 and 24.
24
Calculate the highest common divisor of 28 and 224.
28
Calculate the greatest common divisor of 155 and 31.
31
What is the greatest common divisor of 86 and 129?
43
What is the greatest common divisor of 204 and 136?
68
What is the greatest common factor of 1236 and 24?
12
What is the highest common factor of 411 and 1507?
137
Calculate the greatest common factor of 58086 and 126.
126
Calculate the highest common divisor of 33 and 4719.
33
What is the highest common divisor of 884 and 936?
52
What is the greatest common divisor of 30 and 1095?
15
Calculate the highest common divisor of 7 and 35.
7
What is the greatest common factor of 623 and 28?
7
Calculate the highest common factor of 144 and 9.
9
Calculate the greatest common divisor of 167 and 1.
1
Calculate the highest common factor of 168 and 616.
56
Calculate the highest common factor of 56 and 72.
8
What is the greatest common factor of 949 and 39?
13
Calculate the greatest common factor of 152 and 32.
8
What is the highest common factor of 665 and 8740?
95
Calculate the greatest common factor of 36 and 20637.
9
What is the greatest common divisor of 49 and 2?
1
What is the highest common factor of 476 and 84?
28
Calculate the highest common divisor of 2057 and 17.
17
What is the greatest common divisor of 107 and 107?
107
Calculate the highest common divisor of 444 and 777.
111
What is the greatest common divisor of 470 and 40?
10
What is the highest common divisor of 19 and 703?
19
Calculate the highest common divisor of 44 and 55.
11
Calculate the greatest common factor of 3374 and 42.
14
Calculate the highest common factor of 10290 and 126.
42
What is the greatest common factor of 207 and 27?
9
What is the greatest common factor of 22 and 451?
11
What is the highest common divisor of 97 and 4559?
97
Calculate the greatest common divisor of 115 and 2875.
115
What is the highest common factor of 2419 and 59?
59
Calculate the greatest common factor of 19792 and 32.
16
Calculate the highest common divisor of 124 and 155.
31
Calculate the highest common factor of 10209 and 83.
83
Calculate the highest common factor of 45 and 135.
45
What is the greatest common factor of 172 and 36?
4
What is the greatest common divisor of 7 and 7?
7
What is the highest common divisor of 13712 and 48?
16
Calculate the greatest common factor of 451 and 82.
41
What is the highest common divisor of 5 and 1340?
5
What is the highest common factor of 216 and 24?
24
What is the greatest common divisor of 52 and 546?
26
Calculate the greatest common divisor of 106 and 11.
1
What is the highest common divisor of 405 and 60?
15
What is the greatest common divisor of 688 and 43?
43
Calculate the greatest common factor of 96 and 156.
12
Calculate the greatest common factor of 33 and 704.
11
Calculate the greatest common factor of 4836 and 156.
156
What is the greatest common factor of 262 and 3013?
131
What is the greatest common divisor of 462 and 21?
21
What is the highest common divisor of 98 and 84?
14
What is the highest common factor of 175 and 945?
35
What is the greatest common divisor of 9 and 387?
9
Calculate the highest common divisor of 24 and 33.
3
What is the highest common divisor of 3 and 12?
3
What is the highest common factor of 26 and 650?
26
What is the greatest common factor of 55 and 5?
5
What is the greatest common divisor of 800 and 640?
160
Calculate the greatest common divisor of 140 and 652.
4
What is the highest common factor of 1413 and 18?
9
Calculate the greatest common divisor of 72 and 3096.
72
Calculate the highest common divisor of 13 and 4498.
13
Calculate the highest common divisor of 1005 and 4422.
201
Calculate the greatest common factor of 24 and 102.
6
Calculate the highest common divisor of 56 and 42.
14
Calculate the greatest common divisor of 9918 and 54.
18
What is the highest common divisor of 15 and 15?
15
Calculate the highest common factor of 112 and 812.
28
Calculate the greatest common factor of 1071 and 25347.
357
What is the greatest common factor of 5 and 1465?
5
Calculate the highest common divisor of 32 and 1960.
8
Calculate the highest common factor of 48 and 24.
24
Calculate the highest common factor of 14 and 119.
7
Calculate the highest common factor of 196 and 168.
28
Calculate the highest common factor of 64 and 96.
32
What is the highest common factor of 6820 and 20?
20
Calculate the highest common divisor of 5109 and 78.
39
Calculate the greatest common divisor of 374 and 286.
22
Calculate the highest common divisor of 630 and 14.
14
What is the greatest common divisor of 6402 and 66?
66
Calculate the greatest common divisor of 104 and 88.
8
Calculate the greatest common factor of 80 and 224.
16
Calculate the highest common factor of 59 and 13983.
59
Calculate the greatest common divisor of 152 and 893.
19
Calculate the highest common factor of 55 and 2112.
11
What is the greatest common factor of 10767 and 259?
37
Calculate the highest common divisor of 182 and 84.
14
What is the highest common factor of 26 and 650?
26
What is the greatest common factor of 9 and 225?
9
Calculate the highest common factor of 25 and 75.
25
What is the greatest common divisor of 336 and 96?
48
What is the greatest common factor of 2070 and 90?
90
What is the greatest common factor of 92 and 16?
4
Calculate the highest common divisor of 528 and 972.
12
Calculate the greatest common factor of 3580 and 40.
20
Calculate the greatest common factor of 12 and 3.
3
Calculate the highest common factor of 18 and 12.
6
Calculate the highest common factor of 2 and 10.
2
What is the highest common divisor of 54 and 675?
27
What is the greatest common divisor of 29001 and 42?
21
Calculate the highest common factor of 8 and 28.
4
Calculate the highest common factor of 8 and 268.
4
What is the greatest common divisor of 98 and 742?
14
Calculate the greatest common factor of 1474 and 22.
22
What is the greatest common factor of 1314 and 54?
18
What is the highest common divisor of 944 and 2096?
16
Calculate the highest common divisor of 1392 and 48.
48
Calculate the greatest common factor of 198 and 18.
18
Calculate the highest common divisor of 637 and 7.
7
Calculate the highest common factor of 120 and 520.
40
Calculate the highest common divisor of 375 and 15.
15
What is the highest common factor of 754 and 78?
26
What is the highest common factor of 247 and 26?
13
What is the greatest common divisor of 168 and 140?
28
Calculate the highest common factor of 70 and 8.
2
Calculate the greatest common factor of 1395 and 310.
155
What is the highest common factor of 60 and 585?
15
Calculate the greatest common divisor of 330 and 6.
6
What is the highest common factor of 19264 and 28?
28
Calculate the highest common divisor of 176 and 1122.
22
What is the highest common factor of 42 and 147?
21
Calculate the highest common factor of 1125 and 18.
9
What is the greatest common factor of 54 and 189?
27
What is the greatest common factor of 128 and 48?
16
What is the greatest common factor of 151 and 3?
1
What is the greatest common divisor of 1935 and 2365?
215
What is the greatest common divisor of 6837 and 159?
159
Calculate the greatest common divisor of 20 and 490.
10
What is the greatest common divisor of 85096 and 88?
88
What is the greatest common divisor of 55 and 44?
11
Calculate the greatest common factor of 8706 and 12.
6
What is the greatest common factor of 36 and 657?
9
Calculate the highest common divisor of 962 and 148.
74
What is the greatest common factor of 704 and 242?
22
Calculate the highest common divisor of 520 and 169.
13
Calculate the highest common divisor of 8446 and 309.
103
What is the greatest common factor of 143 and 468?
13
What is the highest common divisor of 144 and 756?
36
What is the highest common divisor of 3135 and 66?
33
What is the greatest common divisor of 209 and 5489?
11
Calculate the greatest co